 + 31. Is o composite?
False
Suppose 0 = 4*a + 119 + 237. Let n = 135 + a. Is n composite?
True
Let q(k) = k - 4. Let w(j) = -j + 7. Let o(g) = -10*q(g) - 6*w(g). Is o(-6) a composite number?
True
Let y(z) = -5*z + 13. Let o(f) = -14*f + 40. Let v(c) = 5*o(c) - 16*y(c). Let s be v(6). Let h = -29 + s. Is h composite?
False
Suppose -3*s - 3*g + 147 = 0, -2*s + 0*s + 5*g = -105. Let c = 20 + -48. Let k = s + c. Is k prime?
False
Let k(g) = g + 9. Let i be k(-6). Is (-7)/(7/(-166)) + i a prime number?
False
Let x(k) be the first derivative of -k**2/2 - 4*k - 1. Let z be x(-7). Suppose 28 - 277 = -z*h. Is h a composite number?
False
Is ((-4)/(-1) + -6)*2391/(-6) composite?
False
Is 3*(-1 + 18020/6)/1 a prime number?
True
Let q(l) = -14*l**2 - 2*l + 4. Let k(n) be the third derivative of -n**4/24 + n**3/6 + 2*n**2. Let c(o) = 3*k(o) - q(o). Is c(-1) a prime number?
False
Is (1*(3 - 293) - 3)*-1 prime?
True
Suppose -622 = 5*z + 4*s, 0 = -z - 0*s - 3*s - 120. Let j = -15 - z. Is j a prime number?
False
Suppose 4*c - 1604 = 24. Is c a composite number?
True
Let q(y) = y**3 - 10*y**2 - 2*y - 2. Let z be q(13). Suppose -4*s - 67 = -z. Is s a composite number?
False
Suppose 186 = -f - 2*f. Let p be 1/(-3) + 789/(-9). Let g = f - p. Is g a composite number?
True
Let o(p) = -p**2 + 10*p - 1. Let f be o(8). Let b = 2 + 0. Suppose -b*n = -f - 35. Is n a composite number?
True
Suppose 3*v - 5*r = 2179, -29 = v - 4*r - 760. Is v prime?
False
Let p(t) = 6*t - 5*t + 74 + 41. Is p(0) prime?
False
Suppose 0 = x + 5*a + 6, -2*x - 2*a = 3*x - 16. Is (10/8)/(x/112) a composite number?
True
Let g = 4 - 4. Suppose g = 2*a + 8, -3*d + 4*a - 2*a - 43 = 0. Let u = 6 - d. Is u a composite number?
False
Let h(c) = 5*c - 2 + 0 - 1. Let z = 7 + -5. Is h(z) a prime number?
True
Let q be 688/(-3) + 7/21. Let z = q - -522. Is z composite?
False
Let y(q) = -q**3 - q + 4. Let p be y(0). Is (6 - p)/(2/67) a prime number?
True
Let v(m) = -2*m**2 + 8*m + 2. Let d be v(4). Let b be 65/((-2)/(-2)*1). Suppose j - d*j = -b. Is j a composite number?
True
Let b be (-228)/(-3) - (1 - 2). Suppose b + 34 = w. Is w a composite number?
True
Suppose 2*g = -3*w + 5*w - 1074, -2 = g. Is w a prime number?
False
Let s = -277 - -404. Is s a composite number?
False
Let q(x) = 2*x**2 - 10*x - 11. Let i be q(8). Suppose -2*b = -2*g + 110, g = 4*b + 27 + i. Let d = g + -21. Is d a composite number?
False
Is 1497*1 + (0 - (-8)/4) prime?
True
Let p be (-72)/32 - (-1)/4. Is (38/4)/((-1)/p) composite?
False
Let q = -2 + 11. Suppose 2*z - q = -23. Let t(a) = -a**2 - 9*a + 7. Is t(z) a composite number?
True
Let c(x) = 3*x + 5. Let o be c(-5). Let w be o/(-35) - (-46)/(-14). Is (-518)/(-4) + w/(-2) composite?
False
Suppose 0 = 5*l - 348 - 292. Let t = l - 51. Is t composite?
True
Let t be 18/15*10/4. Let m(g) = t*g - 7*g + g**2 - g**2 - 10 + g**2. Is m(11) prime?
True
Suppose -4*z + 4*j + 10608 = 0, 0 = -3*j - 11 + 26. Is z a composite number?
False
Suppose 5*y + 4*b + b - 5 = 0, -2*y - 5*b - 1 = 0. Suppose -v = -4*w + 1652, -y*w - 2*v + 746 = -80. Is w a composite number?
True
Let v(t) = -27*t + 16. Let l be v(-7). Is (-3)/(0 + (-3)/l) composite?
True
Suppose -3*p = -1797 + 360. Is p prime?
True
Suppose 3*v = 7 - 22. Let b(j) = 3*j**2 - 4*j - 4. Is b(v) prime?
False
Suppose -5*f - 1228 = -9*f. Is f prime?
True
Suppose -4*f = -127 - 765. Is f composite?
False
Let z be (-8)/2 - -4*1. Suppose z = w + 5*c - 154, 3*w + 0*c - 448 = -c. Is w prime?
True
Let n(t) = -t + 1. Let o be n(3). Let s be (-16)/(-12)*(-6)/o. Let q(b) = 9*b + 2. Is q(s) a prime number?
False
Let t(b) = 40*b**2 - 3*b - 3. Suppose -2*s + 11 = -6*p + 3*p, 4*s - 3*p = 7. Is t(s) a prime number?
True
Suppose 0*j + 8 = -j + 2*f, -f + 3 = 0. Let q be (1 - -1) + 3 + j. Suppose -q*m + 44 = -2*x - 15, 5*x = -3*m + 52. Is m composite?
False
Let l(f) = 3*f**2 - 3*f - 4. Let d be (-82)/(-26) - 2/13. Is l(d) composite?
True
Let s(v) = -254*v**3 - v**2 + v + 1. Let z be s(-1). Suppose 0*b + b - z = 0. Is b prime?
False
Suppose 2*b + 9*j - 256 = 4*j, 0 = j - 2. Is b a prime number?
False
Suppose 0 = -3*v + 2005 + 1538. Is v prime?
True
Let h = -7 + 7. Let i(q) = q + 0 + h + 24*q**2 - 5*q**2 + 1. Is i(2) a composite number?
False
Let m = 8 + -9. Let q(v) = -21*v**3 + 2*v**2 - 1. Is q(m) a prime number?
False
Suppose 0 = -15*u + 14*u + 926. Is u prime?
False
Let b be (-1 + 0)*(-2 + 2). Suppose 3*y = -4*s + 2*y + 52, -2*y = b. Is s composite?
False
Let i(m) = 31*m**2 + 6*m - 4. Is i(-3) composite?
False
Let k = 261 + -130. Is (-2)/((-8)/k)*4 prime?
True
Let b = 1635 + -318. Is b a prime number?
False
Suppose 3 = 3*a - 9, -2*x + 2*a - 4 = 0. Suppose 0 = 2*h + 3*r + 34, -x*h = h - 5*r + 32. Let m = 32 - h. Is m composite?
True
Let z(q) = -q**3 + 7*q**2 - 3*q + 1. Let l be (-36)/(-16)*16/6. Is z(l) a prime number?
True
Is 6474/9 + 1/(-3) composite?
False
Suppose -3123 = -4*w - 5*t, 0*t + 768 = w - 3*t. Suppose -w = -5*k + 2*k. Is k prime?
False
Is (1325/(-15))/(1/(-3)) a composite number?
True
Suppose -2*d - y - 16 = -4*d, d + 10 = -4*y. Let k = 10 + d. Suppose -6 = -2*b + k. Is b a composite number?
False
Let a = -9 + 20. Is a composite?
False
Suppose 5*s = -13 + 3. Is 6135/(-10)*s/3 a prime number?
True
Let g(m) = m**2 + m + 1. Let h be g(-2). Suppose -l + 36 = h*v - 2*v, -114 = -4*l + 2*v. Is l prime?
True
Let o(b) = -11*b + 15. Is o(-18) prime?
False
Let k(m) = m**2 - 3. Let s be k(-3). Let a(f) = -f**3 + 7*f**2 - 5*f + 3. Let c be a(s). Let g = c - 0. Is g a prime number?
False
Let s(q) = q**2 + 3*q - 6*q - 9 - 5*q + q. Is s(-8) composite?
True
Let l = 387 + -181. Is l prime?
False
Suppose -3*f + 4 = -2. Suppose f*h = -4*p + 4, 4*h = -5*p + 1 + 7. Suppose 5*k - 185 = -5*n, h*k - 203 = -3*k + 4*n. Is k composite?
True
Suppose 0 = 7*u - 3*u - 28. Suppose -3*a - g + 5 = 0, -a + u = -0*a - 5*g. Suppose a*i - 156 = 82. Is i prime?
False
Let n(v) = 10*v + 1. Let b be n(-1). Let u = 28 + b. Is u prime?
True
Suppose 13*a - 474 = 11*a. Is a composite?
True
Suppose 2*b - 2*m = -b + 4, -5*m = 2*b - 9. Suppose 4*s - 6 - 2 = 0, b*f - s = 284. Is f prime?
False
Suppose 106 = 4*y - 898. Is y composite?
False
Suppose 5*x = -4*z + 16, -3 - 1 = -z - 5*x. Suppose 0 = -2*m + 2 - z. Is 158/(-2*(m - 0)) composite?
False
Let c be 5/(15/(-18)) - -3. Let m = 160 - c. Is m a prime number?
True
Suppose 0 = 3*l - l + 28. Let b = -41 - -68. Let r = b + l. Is r composite?
False
Let p(i) = -1 + 2*i**3 + 4*i + 2*i**2 - 3*i - 3*i. Suppose -14 = 3*h + 4*v, -v - 2*v = -3*h + 21. Is p(h) composite?
False
Let l(q) = -q**3 - 4*q**2 - q - 1. Let h be (1 - (1 - 2)) + -1. Let c = -3 - h. Is l(c) a composite number?
False
Is (-2707)/6*-3*2*1 composite?
False
Let r(z) = z**2 + 10*z + 9. Let x be r(-6). Let j = -8 - x. Is j composite?
False
Let r = 0 + 90. Is (-410)/(-18) + 20/r a composite number?
False
Suppose 1756 = 4*v - 72. Is v a prime number?
True
Suppose 5*i - 1280 = -2*s, -2*s + 4*i + 1262 = -0*i. Is s a composite number?
True
Let u = -39 - -42. Let y = 18 + -9. Is 154/6*y/u a composite number?
True
Let k be ((-30)/(-8))/(2/8). Suppose 2*j - 7*j + k = 0. Suppose -j*q + 13 = 4*v - 98, 0 = -q - 2*v + 37. Is q composite?
False
Let v(j) = -j**3 - 5*j**2 - 3*j - 3. Let z be v(-3). Let n = -8 - z. Suppose n*s - 3*s = -3*m + 34, m = -s + 8. Is m composite?
False
Let a be (-6)/(-3 + 94/30). Let i = a - -26. Let r = i + 33. Is r a composite number?
True
Is ((-1180)/16 - -3)*-12 prime?
False
Let k(x) = 3*x**2 - 2*x + 1. Let u be k(1). Suppose 0 = -u*b - 0 + 4. Is 2 + 86 - (-1 + b) a prime number?
False
Let p(o) = 6*o**2 + 8*o - 15. Is p(-17) prime?
True
Let r = -9 - -10. Let v(h) = 87*h**3 + h - 1. Is v(r) a composite number?
True
Is (-1 + 3 + 1)*6492/36 composite?
False
Suppose 2*f + 5*d - 17 = 0, 0 = -4*f - 2*d - 3*d + 59. Is f a composite number?
True
Suppose 0 = -o + 5*y + 7, 3*o + 1 = -5*y + 2. Suppose -3*m = -4*m. Suppose -3*l + 3 = 0, m = -f + 3*l + 10 - o. Is f prime?
True
Is 1 + -1 - (-1222 + -1 + -3) a composite number?
True
Suppose 2*d = -d + 21. Let f(c) = d*c**2 + c - c - c**3 + 5. Is f(5) a composite number?
True
Suppose 243 + 156 = 3*q. Is q prime?
False
Suppose 4*s - 8 = 4*j, 2*s - 4*j = 6*s - 40. Let n(q) = 6*q + 2. Let v be n(s). Let i = v + -13. Is i composite?
True
Suppose 3*v - 